t are the prime factors of r(3)?
2, 13
Let b = -463 - -832. Suppose 358 = 3*p - 4*w, -b - 14 = -3*p - w. What are the prime factors of p?
2, 3, 7
Suppose 6*g = -10*g + 5536. What are the prime factors of g?
2, 173
Let k(j) = -j - 1. Let i be k(-3). Let t(q) = -19*q - 12 - q**2 + 4 + 0*q**i. What are the prime factors of t(-17)?
2, 13
Suppose 97*x = 75*x + 49500. List the prime factors of x.
2, 3, 5
Let d be (55 + 2)*40/24. Suppose -k - 2*k + 4*o + d = 0, 0 = k - 5*o - 39. List the prime factors of k.
29
Let n be 4/5*(-5 + 115). Let a = n - 6. Let f = a + -53. What are the prime factors of f?
29
Suppose 3*s = 356 + 121. Let o = 204 - s. List the prime factors of o.
3, 5
Suppose 3*b + 0*o + 2*o - 6 = 0, -4*o + 10 = 5*b. Suppose -3*k - b*f - 3*f = 17, 0 = 3*k - f - 7. List the prime factors of k/2 + 82/4.
3, 7
Let f(s) = -s**2 - 3*s + 3. Let m be f(-2). Suppose -2*l + m*l = 291. What are the prime factors of l?
97
Let n(y) = -y**3 - 9*y**2 - 16*y + 12. Let o be n(-6). Suppose 4*d - 581 = -5*g, g = -d - o*g + 146. List the prime factors of d.
149
Suppose 16 = -4*g, 7*g - 30 = -2*c + 2*g. Suppose -5*p - 5 = -c. Suppose 2*z = p*k + 20, -5*z - k = -2*k - 23. List the prime factors of z.
2
Let n be 6*4/2*(-102)/(-24). Suppose 0*x = 3*x - n. List the prime factors of x.
17
Let q be (24/(-4) - -2) + 10. Suppose 199 + 113 = q*z. What are the prime factors of z?
2, 13
Let s = 3562 - 2512. What are the prime factors of s?
2, 3, 5, 7
Let z(l) = -10*l**3 + 70*l**2 + 12*l - 13. What are the prime factors of z(7)?
71
Suppose 0 = -m + 334 + 26. Suppose m = -0*z + 2*z. What are the prime factors of z?
2, 3, 5
Suppose 12 = 3*s + s, -888 = 3*k + 5*s. Let u = 477 + k. What are the prime factors of u?
2, 11
Suppose 0 = -2*b - 4*t + 8*t + 3492, 3*t = 6. What are the prime factors of b?
2, 5, 7
Let o = 24 + -21. Let i = -1 - o. Let t = i + 17. List the prime factors of t.
13
Suppose -4*u + 4*u = -u. Suppose -2*p = -7*p - 15, u = -w + 5*p + 72. What are the prime factors of w?
3, 19
Let i(d) = 5*d - 29. Let b be i(12). Suppose b = w - 49. List the prime factors of w.
2, 5
Let y = -1221 + 1393. What are the prime factors of y?
2, 43
Let l(m) = 16*m**2 + 8*m + 8. List the prime factors of l(-5).
2, 23
Let u(c) = -c**3 - 27*c**2 - 36*c - 19. Let l(f) = -f - 17. Let b be l(9). What are the prime factors of u(b)?
241
Let l(o) be the first derivative of -o**4/4 + 14*o**3/3 - o - 7. Let k be l(14). What are the prime factors of (-49 + (-3 - -5))*k?
47
Let p = 9 - 6. Suppose -4*z - p*d + 2*d + 6 = 0, -d = 2. Suppose 4*q + 60 = 2*u, 61 + 49 = 5*u - z*q. What are the prime factors of u?
2, 5
Let s(x) = -x - 67. Let q be s(0). Let j = -67 + 171. Let i = q + j. What are the prime factors of i?
37
Suppose t + 2*d - 109 = 0, 5*d = 5*t - 205 - 370. Suppose -104 = -4*n + 5*b, -3*n - 5*b + t = -0*n. What are the prime factors of n?
31
Suppose -3*n - 499 = -3*h + 1847, -2*h - n = -1573. What are the prime factors of h?
5, 157
Let h be (-1 - 0)/((-2)/144). Let d be (-3)/(0 + 3) + 11 + -7. Suppose j - h = -d*j. List the prime factors of j.
2, 3
Let x = -508 - -187. What are the prime factors of (3/(-9))/(1/x)?
107
Suppose -44*a + 2178 = -11*a. List the prime factors of a.
2, 3, 11
Let u(j) = -76*j**3 - 1. Let y(t) = -2*t - 25. Let m be y(-12). List the prime factors of u(m).
3, 5
What are the prime factors of -7 + 161/28 + (-32175)/(-12)?
2, 5, 67
Let i = 120 - 78. Let d(c) = -c**3 - 16*c**2 - 15*c + 3. Let a be d(-15). Suppose i = a*u - 48. List the prime factors of u.
2, 3, 5
Let c = 11 + -14. Let f = -15 - c. Let u = 32 + f. List the prime factors of u.
2, 5
Let n(u) = 11*u - 13. Let k be n(2). Suppose h = 5*g - 409, -4*g = -5*h + k*h - 332. What are the prime factors of g?
2, 41
Let p be (2 - 2)/(0 - -2). Let u be p/(4 + -2) - -1. List the prime factors of (2 + u)*(-2)/(-3).
2
Suppose 28 = -4*n - 3*c - 31, -4*c + 97 = -5*n. Let j be (-202)/n + 4/34. Let l(m) = m**2 - 10*m + 2. What are the prime factors of l(j)?
2, 13
Let j = 14 - 9. Suppose 64 = -j*d + 9*d. What are the prime factors of d?
2
Let f = -677 - -1469. List the prime factors of f.
2, 3, 11
Suppose -x - 5 = 5*z, 1 - 8 = -x + z. Suppose -6*v = -13 - x. List the prime factors of v.
3
Let a be 0 - -2 - 37 - 0. Let o(x) = -6*x**2 + x. Let v be o(1). List the prime factors of (-1)/v + (-413)/a.
2, 3
Let r(u) = 2*u - 8. Let s be r(4). Suppose 5*v - 375 = 2*b - s*b, 3*v - 225 = -3*b. Suppose 2*o = -o + v. List the prime factors of o.
5
Suppose -4*w + 13 = -3. Suppose 3*u + 0*b + 4*b = 283, -2*u - w*b = -190. What are the prime factors of u?
3, 31
Let j = -5 + 7. Suppose -s - j*x + 9 = 0, -3*s - 3 = -5*x + 3. Suppose 0 = 4*t - 3*m - 9 - 42, -s*m + 33 = 3*t. List the prime factors of t.
2, 3
Suppose 4*w + 18 = 5*m, -2*m - 3*w + 4 = 3*m. Let p(i) = 2 + 0*i + m*i + 6*i. What are the prime factors of p(3)?
2, 13
Let b(s) = -s + 21. Let w be b(25). Let x = -2 + -2. What are the prime factors of 3/x + (-135)/w?
3, 11
Let s(x) = -x**3 - 15*x**2 - 19*x + 6. Let u be s(-13). Let h = u - -199. List the prime factors of h.
2, 3, 19
Let w be 58/18 - (-5)/(90/(-4)). Suppose -6*y + 273 = -w*y. What are the prime factors of y?
7, 13
Suppose q - 4 = 2*w + 3*q, -3*q = -3*w + 18. Suppose -5*l - 38 = -w*m - 0*m, 0 = -m - l + 5. Let g = 11 - m. What are the prime factors of g?
2
List the prime factors of 10 + 2728/(-275) + (-9848)/(-25).
2, 197
Suppose -4*t + 3*t = i - 87, -4*t = -4*i - 340. What are the prime factors of t?
2, 43
Let f be 16*4/24*18. Let k = f - -1. List the prime factors of k.
7
Let g = -54 + 30. Let i = 89 + g. What are the prime factors of i?
5, 13
Suppose r = 2*r - 22. Suppose 4*l + 3*o = 148, -5*l + o + 185 = -3*o. Let f = l - r. List the prime factors of f.
3, 5
Let i be -2 - (0 + -3 + 2 - 379). Suppose 11*z + i = 1390. List the prime factors of z.
2, 23
Let q be (-4)/(-24) - (-53)/6. Suppose 5*s + 3 = 3*t + 2*s, -3*t + q = 3*s. Suppose -64 = -t*x - 0. What are the prime factors of x?
2
Suppose 71 = 2*v + 401. Let a = -43 - v. What are the prime factors of a?
2, 61
Suppose 2*g - a = 261, 416 = 2*g - 2*a + 150. Suppose -5*f + g = -82. List the prime factors of f.
2, 3, 7
Suppose -5*a + 3*s + 618 = 0, 4*a + s - 488 = -3*s. List the prime factors of 2/((-244)/a + 2).
3, 41
Let q(u) = u**3 - u**2 - 7*u - 6. What are the prime factors of q(6)?
2, 3, 11
Let a be -1*(3 + 0 + -2)*3. List the prime factors of (-3 + 0)/(a + (-2460)/(-824)).
2, 103
Suppose 5*b - 2*h + 88 = 0, 4*b - 2*h + 24 = 3*b. Let t(l) = -l - 13. Let m be t(b). Suppose -3 + 5 = d + m*s, -3*s = 0. What are the prime factors of d?
2
Suppose 26360 = u + 19*u. What are the prime factors of u?
2, 659
Let t = 713 - 654. What are the prime factors of t?
59
Let t(d) = 123*d - 178. What are the prime factors of t(2)?
2, 17
Let j be (48/(-9))/(-4)*3. Suppose 2*v - j*q - 40 = 0, 6*v - v + 3*q - 87 = 0. What are the prime factors of v?
2, 3
Suppose -3*p - 5*o - 322 = 0, -2*p - 2*o - 219 = -3*o. Let h = -69 - p. What are the prime factors of h?
2, 5
Suppose -4 = -5*s + 6. Let f be (1 + -2)*(-10)/s. Suppose 6*r + 3*t - 129 = 2*r, f*r - 4*t = 169. What are the prime factors of r?
3, 11
Let h = -39 - -305. Let l = h - -4. Suppose -5*c + 199 = -c - a, 5*c + 3*a = l. What are the prime factors of c?
3, 17
Let y(f) = -5*f**3 + f**2 + 4*f - 6. Let a(l) = -19*l**3 + 5*l**2 + 16*l - 24. Let h(v) = 2*a(v) - 9*y(v). List the prime factors of h(3).
2, 3
Let a(d) = d + 11. Let u be a(-6). What are the prime factors of (36/8 - u)/((-2)/280)?
2, 5, 7
Let n = -187 + 190. List the prime factors of n.
3
Let t be (-17)/(-5) - 20/50. Let f be 26*-1 - (t - 5). What are the prime factors of 18/f + 885/12?
73
Let p be ((-2)/1)/((-4)/90). Suppose -b = -2*b + 2*u + p, -2*u + 33 = b. Suppose -g + 3*n + 32 = 0, 123 = 5*g + 4*n + b. What are the prime factors of g?
2, 5
Let h(w) be the second derivative of 5*w**3/2 - 2*w**2 + 11*w. Let k be h(4). Suppose -5*l - k = -3*v, -l + 2 = -3. List the prime factors of v.
3
Let f be 1/2*20 + -4. What are the prime factors of ((-134)/(-3))/(4/f)?
67
Let f be -1 + (-1 - -4)/3. Let p be -35 - 3/6*f. What are the prime factors of (-795)/p + (-2)/(-7)?
23
Suppose 45 = 3*s + 5*g, 5*s + 4*g - 20 = 55. Let w = 14 + s. What are the prime factors of w?
29
Let h = 44 - 47. L